{"id":10,"date":"2010-09-05T15:10:51","date_gmt":"2010-09-05T15:10:51","guid":{"rendered":"http:\/\/localhost\/wordcamp\/?page_id=7"},"modified":"2010-09-05T15:10:51","modified_gmt":"2010-09-05T15:10:51","slug":"o-evento","status":"publish","type":"page","link":"https:\/\/curitiba.wordcamp.org\/2010\/o-evento\/","title":{"rendered":"O Evento"},"content":{"rendered":"<p>O WordCamp Brasil \u00e9 uma confer\u00eancia sobre <a href=\"http:\/\/curitiba.wordcamp.com.br\/conheca-o-wordpress\/\">WordPress<\/a> organizada pela Comunidade <a href=\"http:\/\/curitiba.wordcamp.com.br\/comunidade-wordpress-br\/\">WordPress-BR<\/a> onde desenvolvedores, designers, blogueiros e usu\u00e1rios casuais poder\u00e3o assistir palestras e apresenta\u00e7\u00f5es, trocar id\u00e9ias e se conhecer num ambiente informal.<\/p>\n<p>O pr\u00f3ximo WordCamp Curitiba ser\u00e1 na <a href=\"http:\/\/fesppr.br\">FESP\/PR<\/a>, no centro da cidade, e ir\u00e1 compor uma <a href=\"http:\/\/curitiba.wordcamp.com.br\/programacao\/\">grade de atividades<\/a> direcionadas \u00e0 usu\u00e1rios, desenvolvedores e profissionais do WordPress.<\/p>\n<p style=\"text-align: left;\"><a href=\"..\/wp-content\/uploads\/2010\/09\/wordcamp.jpg\"><br \/>\n<\/a>Veja como foi o <a href=\"http:\/\/wp-brasil.org\/novidades\/como-foi-o-primeiro-wordcamp-brasil\">\u00faltimo WordCamp<\/a>, em S\u00e3o Paulo.<\/p>\n","protected":false},"excerpt":{"rendered":"<p>O WordCamp Brasil \u00e9 uma confer\u00eancia sobre WordPress organizada pela Comunidade WordPress-BR onde desenvolvedores, designers, blogueiros e usu\u00e1rios casuais poder\u00e3o assistir palestras e apresenta\u00e7\u00f5es, trocar id\u00e9ias e se conhecer num ambiente informal. O pr\u00f3ximo WordCamp Curitiba ser\u00e1 na FESP\/PR, no &hellip; <a href=\"https:\/\/curitiba.wordcamp.org\/2010\/o-evento\/\">Continue reading <span class=\"screen-reader-text\">O Evento<\/span>  <span class=\"meta-nav\">&rarr;<\/span><\/a><\/p>\n","protected":false},"author":7285786,"featured_media":0,"parent":0,"menu_order":0,"comment_status":"open","ping_status":"open","template":"","meta":{"jetpack_post_was_ever_published":false,"footnotes":""},"class_list":["post-10","page","type-page","status-publish","hentry"],"jetpack_shortlink":"https:\/\/wp.me\/P22H13-a","jetpack_sharing_enabled":true,"_links":{"self":[{"href":"https:\/\/curitiba.wordcamp.org\/2010\/wp-json\/wp\/v2\/pages\/10","targetHints":{"allow":["GET"]}}],"collection":[{"href":"https:\/\/curitiba.wordcamp.org\/2010\/wp-json\/wp\/v2\/pages"}],"about":[{"href":"https:\/\/curitiba.wordcamp.org\/2010\/wp-json\/wp\/v2\/types\/page"}],"author":[{"embeddable":true,"href":"https:\/\/curitiba.wordcamp.org\/2010\/wp-json\/wp\/v2\/users\/7285786"}],"replies":[{"embeddable":true,"href":"https:\/\/curitiba.wordcamp.org\/2010\/wp-json\/wp\/v2\/comments?post=10"}],"version-history":[{"count":0,"href":"https:\/\/curitiba.wordcamp.org\/2010\/wp-json\/wp\/v2\/pages\/10\/revisions"}],"wp:attachment":[{"href":"https:\/\/curitiba.wordcamp.org\/2010\/wp-json\/wp\/v2\/media?parent=10"}],"curies":[{"name":"wp","href":"https:\/\/api.w.org\/{rel}","templated":true}]}}