{"id":12,"date":"2010-09-05T15:11:14","date_gmt":"2010-09-05T15:11:14","guid":{"rendered":"http:\/\/localhost\/wordcamp\/?page_id=11"},"modified":"2010-09-05T15:11:14","modified_gmt":"2010-09-05T15:11:14","slug":"programacao","status":"publish","type":"page","link":"https:\/\/curitiba.wordcamp.org\/2010\/programacao\/","title":{"rendered":"Programa\u00e7\u00e3o"},"content":{"rendered":"<table cellspacing=\"0\" summary=\"Programa\u00e7\u00e3o do WordCamp Curitiba\">\n<caption> <\/caption>\n<tbody>\n<tr>\n<th colspan=\"2\">Dia 22<\/th>\n<\/tr>\n<tr>\n<td class=\"hora\" rowspan=\"2\">13h00 &#8211; 15h00<\/td>\n<td><strong>Sala 1 &#8211; Traduzindo temas e plugins (localiza\u00e7\u00e3o)<\/strong>, por <a href=\"\/programacao\/palestrantes#dionizio\">Dionizio Bonfim Bach &#8211; DJIO<\/a><br \/>\nO Curso tem como objetivo ensinar caminhos e melhores pr\u00e1ticas para a tradu\u00e7\u00e3o de Temas e Plugins no WordPress. Algumas vezes o Tema\/Plugin j\u00e1 vem preparado para tradu\u00e7\u00e3o, outras n\u00e3o. Iremos verificar o c\u00f3digo para estabelecer onde come\u00e7ar, definir as ferramentas de trabalho e testar as tradu\u00e7\u00f5es executadas.<\/td>\n<\/tr>\n<tr>\n<td><strong>Sala 2 &#8211; Orienta\u00e7\u00e3o a objetos para plugins<\/strong>, por <a href=\"\/programacao\/palestrantes#daniel\">Daniel Antunes<\/a><br \/>\nMini-curso sobre como e por qual motivo desenvolver plugins WordPress usando Orienta\u00e7\u00e3o a Objetos. Com exemplos pr\u00e1ticos de uso no desenvolvimento.<br \/>\n<strong>Materiais:<\/strong> [<a href=\"https:\/\/2010.curitiba.wordcamp.org\/files\/2010\/10\/orientacao-objetos-plugins.pdf\">Apostila em PDF<\/a>]<\/td>\n<\/tr>\n<tr>\n<td class=\"hora\" rowspan=\"2\">15h30 &#8211; 17h30<\/td>\n<td><strong>Sala 1 &#8211; WordPress para Designers \/ Desenvolvimento de Temas<\/strong>, por <a href=\"\/programacao\/palestrantes#edgar\">Edgar Fernando \/ Georgea Vieira<\/a><br \/>\nVoltado a designers e profissionais que lidam com HTML e CSS, o curso visa introduzir as concep\u00e7\u00f5es e funcionalidades b\u00e1sicas do WordPress para o desenvolvimento de sites (ou temas, como \u00e9 chamado pela ferramenta). Abordar\u00e1 recursos como organiza\u00e7\u00e3o dos arquivos, tags pr\u00f3prios de template, loop de recupera\u00e7\u00e3o de conte\u00fado e objetos padr\u00e3o de mapeamento em CSS. Ao contr\u00e1rio do que pode parecer, n\u00e3o \u00e9 necess\u00e1rio ter conhecimento em PHP, MySQL, ou l\u00f3gica de programa\u00e7\u00e3o.\u00a0Traga o seu notebook para esta atividade, instala\u00e7\u00e3o e configura\u00e7\u00f5es de softwares!<br \/>\n<strong>Materiais:<\/strong> [<a href=\"https:\/\/2010.curitiba.wordcamp.org\/files\/2010\/10\/temas-apresentacao.pdf\">Slides em PDF<\/a>] [<a href=\"http:\/\/curitiba.wordcamp.com.br\/wp-content\/uploads\/2010\/10\/temas-apostila-wordpress.pdf\">Apostila em PDF<\/a>]<\/td>\n<\/tr>\n<tr>\n<td><strong>Sala 2 &#8211; WordPress 3.0 &#8211; Custom Post Types e Taxonomias<\/strong>, por <a href=\"\/programacao\/palestrantes#arilton\">Arilton Silva Freitas<\/a><br \/>\nUtiliza\u00e7\u00e3o de forma avan\u00e7ada da funcionalidade de Custom Post Type e taxonomia do WordPress 3.0. Exemplos e t\u00e9cnicas da vida real.<br \/>\n<strong>Materiais:<\/strong> [<a href=\"http:\/\/curitiba.wordcamp.com.br\/wp-content\/uploads\/2010\/10\/custom-post-types.pptx\">Slides em PPTX<\/a>] [<a href=\"http:\/\/curitiba.wordcamp.com.br\/wp-content\/uploads\/2010\/10\/custom-post-types-twentyten.zip\">Pacote ZIP<\/a>]<\/td>\n<\/tr>\n<tr class=\"destaque\">\n<td class=\"hora\">19h00 &#8211; 21h00<\/td>\n<td><strong>Abertura<\/strong>, com <a href=\"\/programacao\/palestrantes#zefontainhas\">Jos\u00e9 Fontainhas<\/a> (Automattic) e <a href=\"\/programacao\/palestrantes#catia\">C\u00e1tia Kitahara<\/a> (comunidade WordPress-BR)<\/td>\n<\/tr>\n<tr>\n<th colspan=\"2\">Dia 23<\/th>\n<\/tr>\n<tr>\n<td class=\"hora\">10h00 &#8211; 10h50<\/td>\n<td><strong>Usando o Blog como ferramenta de venda e atendimento para e-commerce<\/strong>, por <a href=\"\/programacao\/palestrantes#rafael\">Rafael Hernandez<\/a><br \/>\nCom o crescimento do Com\u00e9rcio Eletr\u00f4nico o Blog se tornou ferramenta indispens\u00e1vel para qualquer pessoa ou empresa.<br \/>\n<strong>Materiais:<\/strong> [<a href=\"http:\/\/\/curitiba.wordcamp.com.br\/wp-content\/uploads\/2010\/10\/wordpress-ecommerce.pps\">Slides em PPS<\/a>]<\/td>\n<\/tr>\n<tr class=\"destaque\">\n<td class=\"hora\">11h00 &#8211; 12h30<\/td>\n<td><strong>Estudos de caso: WordPress como rede social<\/strong> &#8211; Exposi\u00e7\u00e3o dos estudos de caso seguido de mesa de debate<\/p>\n<p><strong>CulturaDigital.br<\/strong>, por <a href=\"\/programacao\/palestrantes#guilherme\">Guilherme Aguiar<br \/>\n<\/a>CulturaDigital.Br \u00e9 uma rede social que re\u00fane membros da sociedade  civil, representantes de \u00f3rg\u00e3os governamentais e do mercado  interessados em discutir pol\u00edticas p\u00fablicas para cultura digital. A  rede, projeto pioneiro do Minist\u00e9rio da Cultura, est\u00e1 baseada na  utiliza\u00e7\u00e3o do plugin BuddyPress e recebeu recentemente a men\u00e7\u00e3o honrosa  no pr\u00eamio austr\u00edaco Ars Eletrocnica. A palestra abordar\u00e1 por que o  plugin foi escolhido e o processo de desenvolvimento da plataforma, com  detalhamento de suas funcionalidades.<br \/>\n<strong>Materiais:<\/strong> [<a href=\"http:\/\/curitiba.wordcamp.com.br\/wp-content\/uploads\/2010\/10\/buddypress-cultura-digital.zip\">Slides do Prezi<\/a>]<strong> <\/strong><\/p>\n<p><strong>ItsNoon.net<\/strong>, por <a href=\"\/programacao\/palestrantes#leo\">Leo Germani<\/a><br \/>\nItsNoon.net \u00e9 uma rede social de produ\u00e7\u00e3o multimidia, onde os usu\u00e1rios podem publicara v\u00eddeos, fotos, m\u00fasicas e programas de r\u00e1dio, al\u00e9m de manterem um microblog. A palestra ir\u00e1 mostrar o funcionamento dessa rede, e mostrar como ela foi constru\u00edda. Ao mesmo tempo ser\u00e3o apresentados argumentos para a decis\u00e3o de quando ou n\u00e3o usar BuddyPress em seu projeto, mostrando seus pontos fortes e fracos, e as alternativas simples que podem ser criadas para a maioria das funcionalidades do BP.<br \/>\n<strong>Materiais:<\/strong> [<a href=\"http:\/\/curitiba.wordcamp.com.br\/wp-content\/uploads\/2010\/10\/leo-redessociais.odp\">Slides em ODP<\/a>] [<a href=\"http:\/\/curitiba.wordcamp.com.br\/wp-content\/uploads\/2010\/10\/leo-redessociais.pdf\">Slides em PDF<\/a>]<strong> <\/strong><\/p>\n<p><strong>Maracatu.org.br<\/strong>, por <a href=\"\/programacao\/palestrantes#diego\">Diego Figueiredo Rojas<\/a><br \/>\nO www.maracatu.org.br \u00e9 uma id\u00e9ia bem simples: construir de forma coletiva uma plataforma que re\u00fana p\u00e1ginas das Na\u00e7\u00f5es e dos Grupos de Maracatu em um grande acervo com informa\u00e7\u00f5es em texto, v\u00eddeos, fotos, \u00e1udios e etc. Ou seja, um site\/portal onde a publica\u00e7\u00e3o de conte\u00fado \u00e9 feita pelas pr\u00f3prias Na\u00e7\u00f5es e Grupos, de maneira simples como nos blogues.<br \/>\n<strong>Materiais:<\/strong> [<a href=\"http:\/\/curitiba.wordcamp.com.br\/wp-content\/uploads\/2010\/10\/maracatu-org.pdf\">Slides em PDF<\/a>]<\/td>\n<\/tr>\n<tr>\n<td class=\"hora\">12h30 &#8211; 13h40<\/td>\n<td>Almo\u00e7o<\/td>\n<\/tr>\n<tr>\n<td class=\"hora\">13h40 &#8211; 14h30<\/td>\n<td><strong>Boas pr\u00e1ticas para desenvolvimento de plugins para WordPress<\/strong>, por <a href=\"..\/programacao\/palestrantes#daniel\">Daniel Antunes Rocha<\/a>:<br \/>\nDemonstra\u00e7\u00e3o de boas pr\u00e1ticas para o desenvolvimento de plugins WordPress.<strong><br \/>\nMateriais: <\/strong>[<a href=\"http:\/\/\/curitiba.wordcamp.com.br\/wp-content\/uploads\/2010\/10\/boas-praticas-plugins.pdf\">Slides em PDF<\/a>] [<a href=\"http:\/\/curitiba.wordcamp.com.br\/wp-content\/uploads\/2010\/10\/boas-praticas-plugins.key\">Slides em KeyNote<\/a>]<\/td>\n<\/tr>\n<tr>\n<td class=\"hora\">14h40 &#8211; 15h30<\/td>\n<td><strong> <\/strong><strong>Redes Sociais Como Alavanca de Neg\u00f3cios e Carreiras<\/strong>, por <a href=\"..\/programacao\/palestrantes#frank\">Frank Alcantara<\/a>:<br \/>\nComo usar o WordPress e o BuddyPress como ferramentas de concentra\u00e7\u00e3o e  distribui\u00e7\u00e3o de informa\u00e7\u00f5es em redes sociais de forma a utilizar estas  ferramentas para alavancar sua carreira. A palestra vai do entendimento  do poder e origem das redes sociais at\u00e9 a integra\u00e7\u00e3o e uso di\u00e1rio destas  ferramentas para alavancar neg\u00f3cios e carreiras.<br \/>\n<strong>Materiais: <\/strong>[<a href=\"http:\/\/\/curitiba.wordcamp.com.br\/wp-content\/uploads\/2010\/10\/alavanca-frank.pdf\">Slides em PDF<\/a>]<\/td>\n<\/tr>\n<tr class=\"destaque\">\n<td class=\"hora\">15h30 &#8211; 17h00<\/td>\n<td><strong>Estudos de caso: WordPress para enormes audi\u00eancias<\/strong> &#8211; Exposi\u00e7\u00e3o dos estudos de caso seguido de mesa de debate<\/p>\n<p><strong>WordPress.com<\/strong>, por <a href=\"\/programacao\/palestrantes#zefontainhas\">Jos\u00e9 Fontainhas<\/a><br \/>\nComo o site WordPress.com utiliza o WordPress no portal com mais de 12 milh\u00f5es de sites e 270 bilh\u00f5es de pageviews.<br \/>\n<strong>Materiais:<\/strong> [<a href=\"http:\/\/curitiba.wordcamp.com.br\/wp-content\/uploads\/2010\/10\/wordpress-com.ppt\">Slides em PPT<\/a>] [<a href=\"http:\/\/curitiba.wordcamp.com.br\/wp-content\/uploads\/2010\/10\/wordpress-com.key\">Slides em KeyNote<\/a>]<\/p>\n<p><strong>Globo.com<\/strong>, por <a href=\"\/programacao\/palestrantes#leofalcao\">Leonardo Falc\u00e3o<\/a><br \/>\nMateriais: [<a href=\"http:\/\/www.slideshare.net\/LeonardoFalcao\/wordpress-na-globocom-wordcamp-curitiba\">Slides no SlideShare<\/a>]<\/p>\n<p><strong>SWU<\/strong>, por <a href=\"\/programacao\/palestrantes#zegeraldo\">Jos\u00e9 Geraldo Magalh\u00e3es<\/a><br \/>\nApresenta\u00e7\u00e3o do case site SWU. 9 milh\u00f5es de visitas, 2000 posts, + de 10mil coment\u00e1rios e 15 mil usuarios (somente com login via rede social), Mais de 200 mil intera\u00e7\u00f5es via Twitter e Facebook. Atualmente hospedado em cluster de 5 servidores com balanceamento de carga.<br \/>\n<strong>Materiais:<\/strong> [<a href=\"http:\/\/curitiba.wordcamp.com.br\/wp-content\/uploads\/2010\/10\/swu-apresentacao.pdf\">Slides em PDF<\/a>]<\/td>\n<\/tr>\n<tr class=\"destaque\">\n<td class=\"hora\">17h00<\/td>\n<td>Mesa de Encerramento<\/td>\n<\/tr>\n<\/tbody>\n<\/table>\n<h2><strong>Atividades paralelas no dia 22<\/strong><\/h2>\n<p><strong>Genius Bar:<\/strong><br \/>\nVolunt\u00e1rios se revezam em mesas tirando d\u00favidas de suporte do p\u00fablico na hora!<\/p>\n<p><strong>Mutir\u00e3o da Comunidade:<\/strong><\/p>\n<ul>\n<li> F\u00f3rum oficial &#8211; encontrar os moderadores e cooptar novos moderadores, estabelecer pr\u00e1ticas de modera\u00e7\u00e3o e fazer um faxin\u00e3o no f\u00f3rum.<\/li>\n<li> Tradu\u00e7\u00f5es do wp e plugins &#8211; encontrar os tradutores e atualizar as tradu\u00e7\u00f5es.<\/li>\n<li> Tradu\u00e7\u00e3o do Codex &#8211; organizar o codex em pt<\/li>\n<li> Portal da Comunidade &#8211; desenvolver melhorias &#8211; se\u00e7\u00e3o de oportunidades, uso do plugin de RSS, abertos as sugest\u00f5es<\/li>\n<\/ul>\n","protected":false},"excerpt":{"rendered":"<p>Dia 22 13h00 &#8211; 15h00 Sala 1 &#8211; Traduzindo temas e plugins (localiza\u00e7\u00e3o), por Dionizio Bonfim Bach &#8211; DJIO O Curso tem como objetivo ensinar caminhos e melhores pr\u00e1ticas para a tradu\u00e7\u00e3o de Temas e Plugins no WordPress. Algumas vezes &hellip; <a href=\"https:\/\/curitiba.wordcamp.org\/2010\/programacao\/\">Continue reading <span class=\"screen-reader-text\">Programa\u00e7\u00e3o<\/span>  <span class=\"meta-nav\">&rarr;<\/span><\/a><\/p>\n","protected":false},"author":7285786,"featured_media":0,"parent":0,"menu_order":0,"comment_status":"open","ping_status":"closed","template":"","meta":{"jetpack_post_was_ever_published":false,"footnotes":""},"class_list":["post-12","page","type-page","status-publish","hentry"],"jetpack_shortlink":"https:\/\/wp.me\/P22H13-c","jetpack_sharing_enabled":true,"_links":{"self":[{"href":"https:\/\/curitiba.wordcamp.org\/2010\/wp-json\/wp\/v2\/pages\/12","targetHints":{"allow":["GET"]}}],"collection":[{"href":"https:\/\/curitiba.wordcamp.org\/2010\/wp-json\/wp\/v2\/pages"}],"about":[{"href":"https:\/\/curitiba.wordcamp.org\/2010\/wp-json\/wp\/v2\/types\/page"}],"author":[{"embeddable":true,"href":"https:\/\/curitiba.wordcamp.org\/2010\/wp-json\/wp\/v2\/users\/7285786"}],"replies":[{"embeddable":true,"href":"https:\/\/curitiba.wordcamp.org\/2010\/wp-json\/wp\/v2\/comments?post=12"}],"version-history":[{"count":0,"href":"https:\/\/curitiba.wordcamp.org\/2010\/wp-json\/wp\/v2\/pages\/12\/revisions"}],"wp:attachment":[{"href":"https:\/\/curitiba.wordcamp.org\/2010\/wp-json\/wp\/v2\/media?parent=12"}],"curies":[{"name":"wp","href":"https:\/\/api.w.org\/{rel}","templated":true}]}}