{"id":382,"date":"2012-06-04T20:38:19","date_gmt":"2012-06-04T23:38:19","guid":{"rendered":"https:\/\/2012.curitiba.wordcamp.org\/?page_id=382"},"modified":"2012-06-14T16:46:02","modified_gmt":"2012-06-14T19:46:02","slug":"grade-de-atividades","status":"publish","type":"page","link":"https:\/\/curitiba.wordcamp.org\/2012\/grade-de-atividades\/","title":{"rendered":"Grade de Atividades"},"content":{"rendered":"<h2>Sexta-Feira, 15 de Junho<\/h2>\n<table>\n<tbody>\n<tr>\n<td style=\"text-align: center; width: 10%;\">14h<\/td>\n<td style=\"text-align: center;\" colspan=\"2\">credenciamento \/ recebimento das doa\u00e7\u00f5es<\/td>\n<\/tr>\n<tr>\n<td style=\"text-align: center;\">15h<\/td>\n<td style=\"width: 30%;\">\n<h3><a href=\"https:\/\/2012.curitiba.wordcamp.org\/session\/analise-e-estudo-de-caso-de-implantacao-do-wordpress-na-ufpr\/\">An\u00e1lise e Estudo de Caso de Implanta\u00e7\u00e3o do WordPress na UFPR<\/a><\/h3>\n<h4><a href=\"https:\/\/2012.curitiba.wordcamp.org\/palestrantes\/#mauro-hiroto-suzuki\">Mauro Hiroto Suzuki<\/a><\/h4>\n<h5>(Case)<\/h5>\n<\/td>\n<td style=\"width: 30%;\" rowspan=\"5\">\n<h3><a href=\"https:\/\/2012.curitiba.wordcamp.org\/session\/oficina-e-plantao-de-duvidas-mutirao-de-traducao\/\">Oficina e Plant\u00e3o de D\u00favidas: Mutir\u00e3o de Tradu\u00e7\u00e3o<\/a><\/h3>\n<h4><a href=\"https:\/\/2012.curitiba.wordcamp.org\/palestrantes\/#dionizio-bonfim-bach\">Djio<\/a> e <a href=\"https:\/\/2012.curitiba.wordcamp.org\/palestrantes\/#catia-kitahara\">C\u00e1tia<\/a><\/h4>\n<h5>(Desenvolvimento)<\/h5>\n<\/td>\n<\/tr>\n<tr>\n<td style=\"text-align: center;\">16h<\/td>\n<td style=\"text-align: center;\">intervalo<\/td>\n<\/tr>\n<tr>\n<td style=\"text-align: center;\">16h15<\/td>\n<td>\n<h3><a href=\"https:\/\/2012.curitiba.wordcamp.org\/session\/um-blog-feito-por-advogado\/\">Um Blog Feito Por Advogado<\/a><\/h3>\n<h4><a href=\"https:\/\/2012.curitiba.wordcamp.org\/palestrantes\/#tarso-cabral-violin\">Tarso Cabral Violin<\/a><\/h4>\n<h5>(Conte\u00fado\/Case)<\/h5>\n<\/td>\n<\/tr>\n<tr>\n<td style=\"text-align: center;\">17h15<\/td>\n<td style=\"text-align: center;\">intervalo<\/td>\n<\/tr>\n<tr>\n<td style=\"text-align: center;\">17h30<\/td>\n<td>\n<h3><a href=\"https:\/\/2012.curitiba.wordcamp.org\/session\/apresentacao-do-case-sosaqui-com\/\">Apresenta\u00e7\u00e3o do Case SOSaqui.com<\/a><\/h3>\n<h4><a href=\"https:\/\/2012.curitiba.wordcamp.org\/palestrantes\/#jose-geraldo-magalhaes\">Jos\u00e9 Geraldo Magalh\u00e3es<\/a><\/h4>\n<h5>(Conte\u00fado\/Case)<\/h5>\n<p>&nbsp;<\/td>\n<\/tr>\n<tr>\n<td style=\"text-align: center;\">18h30<\/td>\n<td style=\"text-align: center;\" colspan=\"2\">intervalo<\/td>\n<\/tr>\n<tr>\n<td style=\"text-align: center;\">18h45<\/td>\n<td style=\"text-align: center;\" colspan=\"2\">abertura<\/td>\n<\/tr>\n<\/tbody>\n<\/table>\n<h2>S\u00e1bado, 16 de Junho<\/h2>\n<table>\n<tbody>\n<tr>\n<td style=\"text-align: center;\">9h<\/td>\n<td style=\"text-align: center;\" colspan=\"3\">credenciamento \/ recebimento das doa\u00e7\u00f5es<\/td>\n<\/tr>\n<tr>\n<td style=\"text-align: center;\">10h<\/td>\n<td style=\"width: 30%;\">\n<h3><a href=\"https:\/\/2012.curitiba.wordcamp.org\/session\/e-commerce-no-wordpress-aprenda-como-fazer\/\">E-commerce no WordPress, Aprenda Como Fazer!<\/a><\/h3>\n<h4><a href=\"https:\/\/2012.curitiba.wordcamp.org\/palestrantes\/#rafael-de-menezes-ehlers\">Rafael de Menezes Ehlers<\/a><\/h4>\n<h5>(Desenvolvimento)<\/h5>\n<p>&nbsp;<\/td>\n<td style=\"width: 30%;\">\n<h3><a href=\"https:\/\/2012.curitiba.wordcamp.org\/session\/agoradelibera-experiencias-de-democracia-digital\/\">\u00c0goraDelibera: Experi\u00eancias de Democracia Digital<\/a><\/h3>\n<h4><a href=\"https:\/\/2012.curitiba.wordcamp.org\/palestrantes\/#joao-paulo-mehl\">Jo\u00e3o Paulo Mehl<\/a><\/h4>\n<h5>(Case)<\/h5>\n<p>&nbsp;<\/td>\n<td rowspan=\"3\">\n<h3><a href=\"https:\/\/2012.curitiba.wordcamp.org\/session\/oficina-e-plantao-de-duvidas-desenvolvimento-de-temas\/\">Oficina e Plant\u00e3o de D\u00favidas: Desenvolvimento de Temas<\/a><\/h3>\n<h5><a href=\"https:\/\/2012.curitiba.wordcamp.org\/palestrantes\/#juliano-amaral-gouveia\">Juliano Amaral Gouveia<\/a><\/h5>\n<h5>(Desenvolvimento)<\/h5>\n<\/td>\n<\/tr>\n<tr>\n<td style=\"text-align: center;\">11h<\/td>\n<td style=\"text-align: center;\" colspan=\"2\">intervalo<\/td>\n<\/tr>\n<tr>\n<td style=\"text-align: center;\">11h15<\/td>\n<td>\n<h3><a href=\"https:\/\/2012.curitiba.wordcamp.org\/session\/grandes-migracoes-passando-de-qualquer-plataforma-para-o-wordpress-e-buddypress\/\">Grandes Migra\u00e7\u00f5es: Passando De Qualquer Plataforma Para o WordPress e BuddyPress<\/a><\/h3>\n<h4><a href=\"https:\/\/2012.curitiba.wordcamp.org\/palestrantes\/#vinicius-massuchetto\">Vinicius Massuchetto<\/a><\/h4>\n<h5>(Desenvolvimento)<\/h5>\n<\/td>\n<td>\n<h3><a href=\"https:\/\/2012.curitiba.wordcamp.org\/session\/ferramentas-livres-para-desenvolvimento-wordpress\/\">Ferramentas Livres Para Desenvolvimento WordPress<\/a><\/h3>\n<h4><a href=\"https:\/\/2012.curitiba.wordcamp.org\/palestrantes\/#daniel-kossmann\">Daniel Kossmann Ferraz<\/a><\/h4>\n<h5>(Desenvolvimento)<\/h5>\n<\/td>\n<\/tr>\n<tr>\n<td style=\"text-align: center;\">12h15<\/td>\n<td style=\"text-align: center;\" colspan=\"3\">almo\u00e7o<\/td>\n<\/tr>\n<tr>\n<td style=\"text-align: center;\">13h30<\/td>\n<td style=\"text-align: center;\" colspan=\"3\">\n<h3><a href=\"https:\/\/2012.curitiba.wordcamp.org\/session\/lightning-talks\/\">Lightning Talks<\/a><\/h3>\n<h5>(Desenvolvimento\/Case\/Conte\u00fado)<\/h5>\n<\/td>\n<\/tr>\n<tr>\n<td style=\"text-align: center;\">14h00<\/td>\n<td>\n<h3><a href=\"curitiba.wordcamp.org\/2012\/session\/por-um-wordpress-mais-seguro\/\">Por um WordPress Mais Seguro<\/a><\/h3>\n<h4><a href=\"https:\/\/2012.curitiba.wordcamp.org\/palestrantes\/#flavio-augusto-da-silveira\">Fl\u00e1vio Augusto da Silveira<\/a><\/h4>\n<h5>(Desenvolvimento)<\/h5>\n<\/td>\n<td>\n<h3><a href=\"https:\/\/2012.curitiba.wordcamp.org\/session\/estudo-de-caso-do-site-da-bicicletada-curitiba\/\">Estudo de Caso do Site da Bicicletada de Curitiba<\/a><\/h3>\n<h4><a href=\"https:\/\/2012.curitiba.wordcamp.org\/palestrantes\/#fabianne-balvedi\">Fabianne Balvedi<\/a><\/h4>\n<h5>(Case)<\/h5>\n<\/td>\n<td rowspan=\"5\">\n<h3>Plant\u00e3o de D\u00favidas: Desenvolvimento no WordPress<\/h3>\n<h5>(Desenvolvimento)<\/h5>\n<\/td>\n<\/tr>\n<tr>\n<td style=\"text-align: center;\">15h00<\/td>\n<td style=\"text-align: center;\" colspan=\"2\">intervalo<\/td>\n<\/tr>\n<tr>\n<td style=\"text-align: center;\">15h15<\/td>\n<td>\n<h3><a href=\"https:\/\/2012.curitiba.wordcamp.org\/session\/wpas-performance-para-grandes-volumes\/\">WPaS: Performance Para Grande Volumes<\/a><\/h3>\n<h4><a href=\"https:\/\/2012.curitiba.wordcamp.org\/palestrantes\/#gustavo-bordoni\">Gustavo Bordoni<\/a><\/h4>\n<h5>(Desenvolvimento)<\/h5>\n<\/td>\n<td>\n<h3><a href=\"https:\/\/2012.curitiba.wordcamp.org\/session\/odeio-pinguim-uma-relacao-de-amor-e-odio-com-o-google\/\">Odeio Pinguim: Uma Rela\u00e7\u00e3o de Amor e \u00d3dio com o Google<\/a><\/h3>\n<h4><a href=\"https:\/\/2012.curitiba.wordcamp.org\/palestrantes\/#frank-alcantara\">Frank Alcantara<\/a><\/h4>\n<h5>(Conte\u00fado)<\/h5>\n<\/td>\n<\/tr>\n<tr>\n<td style=\"text-align: center;\">16h15<\/td>\n<td style=\"text-align: center;\" colspan=\"2\">intervalo<\/td>\n<\/tr>\n<tr>\n<td style=\"text-align: center;\">16h30<\/td>\n<td>\n<h3><a href=\"https:\/\/2012.curitiba.wordcamp.org\/session\/urls-e-permissoes-personalizadas-ou-como-restringir-a-edicao-de-posts-por-netos-de-holandeses-apos-o-meio-dia\/\">URLs e Permiss\u00f5es Personalizadas (Ou Como Restringir a Edi\u00e7\u00e3o de Posts por Netos de Holandeses Ap\u00f3s o Meio-dia)<\/a><\/h3>\n<h4><a href=\"https:\/\/2012.curitiba.wordcamp.org\/palestrantes\/#leo-germani\">Leo Germani<\/a><\/h4>\n<h5>(Desenvolvimento)<\/h5>\n<\/td>\n<td>\n<h3><a href=\"https:\/\/2012.curitiba.wordcamp.org\/session\/wordpress-total\/\">WordPress Total (Uma Refer\u00eancia \u00e0 Sele\u00e7\u00e3o da Holanda de 74 :D)<\/a><\/h3>\n<h4><a href=\"https:\/\/2012.curitiba.wordcamp.org\/palestrantes\/#felipe-coelho-kussik\">Felipe Coelho Kussik<\/a><\/h4>\n<h5>(Desenvolvimento)<\/h5>\n<\/td>\n<\/tr>\n<tr>\n<td style=\"text-align: center;\">17h30<\/td>\n<td style=\"text-align: center;\" colspan=\"3\">intervalo<\/td>\n<\/tr>\n<tr>\n<td style=\"text-align: center;\">17h45<\/td>\n<td style=\"text-align: center;\" colspan=\"3\">fechamento<\/td>\n<\/tr>\n<tr>\n<td style=\"text-align: center;\">20h<\/td>\n<td style=\"text-align: center;\" colspan=\"3\"><a title=\"WordCana\" href=\"https:\/\/2012.curitiba.wordcamp.org\/2012\/06\/13\/wordcana-esta-confirmado\/\">WordCana<\/a><\/td>\n<\/tr>\n<\/tbody>\n<\/table>\n","protected":false},"excerpt":{"rendered":"<p>Sexta-Feira, 15 de Junho 14h credenciamento \/ recebimento das doa\u00e7\u00f5es 15h An\u00e1lise e Estudo de Caso de Implanta\u00e7\u00e3o do WordPress na UFPR Mauro Hiroto Suzuki (Case) Oficina e Plant\u00e3o de D\u00favidas: Mutir\u00e3o de Tradu\u00e7\u00e3o Djio e C\u00e1tia (Desenvolvimento) 16h intervalo &hellip; <a href=\"https:\/\/curitiba.wordcamp.org\/2012\/grade-de-atividades\/\">Continuar a ler <span class=\"screen-reader-text\">Grade de Atividades<\/span>  <span class=\"meta-nav\">&rarr;<\/span><\/a><\/p>\n","protected":false},"author":7285786,"featured_media":0,"parent":0,"menu_order":0,"comment_status":"open","ping_status":"closed","template":"","meta":{"_crdt_document":"","jetpack_post_was_ever_published":false,"footnotes":""},"class_list":["post-382","page","type-page","status-publish","hentry"],"jetpack_shortlink":"https:\/\/wp.me\/P22EFv-6a","jetpack_sharing_enabled":true,"_links":{"self":[{"href":"https:\/\/curitiba.wordcamp.org\/2012\/wp-json\/wp\/v2\/pages\/382","targetHints":{"allow":["GET"]}}],"collection":[{"href":"https:\/\/curitiba.wordcamp.org\/2012\/wp-json\/wp\/v2\/pages"}],"about":[{"href":"https:\/\/curitiba.wordcamp.org\/2012\/wp-json\/wp\/v2\/types\/page"}],"author":[{"embeddable":true,"href":"https:\/\/curitiba.wordcamp.org\/2012\/wp-json\/wp\/v2\/users\/7285786"}],"replies":[{"embeddable":true,"href":"https:\/\/curitiba.wordcamp.org\/2012\/wp-json\/wp\/v2\/comments?post=382"}],"version-history":[{"count":37,"href":"https:\/\/curitiba.wordcamp.org\/2012\/wp-json\/wp\/v2\/pages\/382\/revisions"}],"predecessor-version":[{"id":387,"href":"https:\/\/curitiba.wordcamp.org\/2012\/wp-json\/wp\/v2\/pages\/382\/revisions\/387"}],"wp:attachment":[{"href":"https:\/\/curitiba.wordcamp.org\/2012\/wp-json\/wp\/v2\/media?parent=382"}],"curies":[{"name":"wp","href":"https:\/\/api.w.org\/{rel}","templated":true}]}}